inder when 22377 is divided by 960?
297
Calculate the remainder when 750764 is divided by 455.
14
Calculate the remainder when 13721 is divided by 398.
189
What is the remainder when 3935 is divided by 287?
204
Calculate the remainder when 453 is divided by 223.
7
Calculate the remainder when 3259 is divided by 86.
77
What is the remainder when 2001 is divided by 368?
161
What is the remainder when 12786 is divided by 4184?
234
What is the remainder when 186316 is divided by 177?
112
What is the remainder when 1773 is divided by 72?
45
What is the remainder when 7270 is divided by 3619?
32
Calculate the remainder when 205598 is divided by 22844.
2
Calculate the remainder when 138222 is divided by 799.
794
What is the remainder when 17079 is divided by 13?
10
What is the remainder when 1482722 is divided by 81?
17
What is the remainder when 136286 is divided by 5451?
11
What is the remainder when 12801 is divided by 13?
9
What is the remainder when 1933 is divided by 798?
337
Calculate the remainder when 1004408 is divided by 145.
138
What is the remainder when 2373 is divided by 83?
49
What is the remainder when 285011 is divided by 32?
19
Calculate the remainder when 2183 is divided by 1075.
33
Calculate the remainder when 31422 is divided by 5235.
12
Calculate the remainder when 1306 is divided by 323.
14
Calculate the remainder when 522 is divided by 183.
156
What is the remainder when 147295 is divided by 228?
7
Calculate the remainder when 36667 is divided by 9122.
179
What is the remainder when 1533 is divided by 192?
189
What is the remainder when 7982 is divided by 153?
26
Calculate the remainder when 14620 is divided by 4870.
10
What is the remainder when 32536 is divided by 10844?
4
What is the remainder when 122849 is divided by 13?
12
Calculate the remainder when 50014 is divided by 12.
10
What is the remainder when 19040 is divided by 4749?
44
What is the remainder when 3858 is divided by 3839?
19
What is the remainder when 198633 is divided by 483?
120
Calculate the remainder when 52268 is divided by 19.
18
Calculate the remainder when 45437 is divided by 99.
95
What is the remainder when 17494 is divided by 211?
192
Calculate the remainder when 612 is divided by 506.
106
Calculate the remainder when 21417 is divided by 397.
376
Calculate the remainder when 4071 is divided by 77.
67
Calculate the remainder when 82160 is divided by 16426.
30
What is the remainder when 1709 is divided by 1611?
98
What is the remainder when 5211 is divided by 527?
468
What is the remainder when 3437 is divided by 96?
77
Calculate the remainder when 1060 is divided by 350.
10
Calculate the remainder when 7195 is divided by 120.
115
Calculate the remainder when 306359 is divided by 61269.
14
Calculate the remainder when 8915 is divided by 357.
347
What is the remainder when 34727 is divided by 511?
490
Calculate the remainder when 728772 is divided by 107.
102
Calculate the remainder when 1675 is divided by 36.
19
Calculate the remainder when 143506 is divided by 4783.
16
Calculate the remainder when 7963 is divided by 764.
323
Calculate the remainder when 83061 is divided by 912.
69
Calculate the remainder when 696 is divided by 9.
3
What is the remainder when 10154 is divided by 1127?
11
Calculate the remainder when 2489 is divided by 692.
413
Calculate the remainder when 1836 is divided by 18.
0
Calculate the remainder when 113390 is divided by 64.
46
What is the remainder when 713232 is divided by 454?
452
What is the remainder when 25237 is divided by 25?
12
What is the remainder when 60658 is divided by 201?
157
Calculate the remainder when 30603 is divided by 97.
48
What is the remainder when 40239 is divided by 11?
1
Calculate the remainder when 824 is divided by 12.
8
What is the remainder when 51299 is divided by 61?
59
What is the remainder when 13292 is divided by 143?
136
Calculate the remainder when 23826 is divided by 34.
26
What is the remainder when 2040390 is divided by 707?
695
Calculate the remainder when 2690 is divided by 463.
375
What is the remainder when 2162 is divided by 712?
26
What is the remainder when 16218 is divided by 362?
290
What is the remainder when 9806 is divided by 8989?
817
What is the remainder when 1371268 is divided by 11?
8
What is the remainder when 943 is divided by 151?
37
What is the remainder when 147300 is divided by 13?
10
Calculate the remainder when 3134 is divided by 15.
14
What is the remainder when 9326 is divided by 2490?
1856
What is the remainder when 5422 is divided by 543?
535
Calculate the remainder when 45470 is divided by 232.
230
What is the remainder when 9214 is divided by 105?
79
Calculate the remainder when 226704 is divided by 441.
30
Calculate the remainder when 10509 is divided by 70.
9
Calculate the remainder when 2958 is divided by 5.
3
Calculate the remainder when 108793 is divided by 14.
13
Calculate the remainder when 10946 is divided by 842.
0
What is the remainder when 270507 is divided by 27?
21
Calculate the remainder when 469542 is divided by 4155.
27
Calculate the remainder when 2069 is divided by 683.
20
What is the remainder when 16709 is divided by 8298?
113
What is the remainder when 2896 is divided by 26?
10
Calculate the remainder when 18963 is divided by 612.
603
What is the remainder when 87868 is divided by 21967?
0
Calculate the remainder when 34144 is divided by 11016.
1096
What is the remainder when 78388 is divided by 43?
42
What is the remainder when 610 is divided by 37?
18
Calculate the remainder when 313 is divided by 120.
73
What is the remainder when 11835 is divided by 3935?
30
Calculate the remainder when 1104 is divided by 38.
2
What is the remainder when 201354 is divided by 33?
21
What is the remainder when 130576 is divided by 837?
4
What is the remainder when 61130 is divided by 62?
60
What is the remainder when 206580 is divided by 7651?
3
What is the remainder when 6116 is divided by 475?
416
What is the remainder when 4290 is divided by 60?
30
Calculate the remainder when 176339 is divided by 75.
14
What is the remainder when 801571 is divided by 185?
151
Calculate the remainder when 2908 is divided by 624.
412
Calculate the remainder when 1311 is divided by 320.
31
Calculate the remainder when 3001 is divided by 104.
89
Calculate the remainder when 9381 is divided by 192.
165
Calculate the remainder when 7364 is divided by 55.
49
What is the remainder when 43041 is divided by 264?
9
Calculate the remainder when 8203 is divided by 2605.
388
Calculate the remainder when 2711 is divided by 39.
20
Calculate the remainder when 26156 is divided by 88.
20
Calculate the remainder when 1806 is divided by 547.
165
Calculate the remainder when 20884 is divided by 20816.
68
Calculate the remainder when 23706 is divided by 11761.
184
What is the remainder when 7252 is divided by 1631?
728
Calculate the remainder when 8743 is divided by 322.
49
Calculate the remainder when 27054 is divided by 276.
6
What is the remainder when 1546 is divided by 645?
256
Calculate the remainder when 17699 is divided by 4424.
3
Calculate the remainder when 759505 is divided by 46.
45
What is the remainder when 1067965 is divided by 152566?
3
Calculate the remainder when 775 is divided by 129.
1
What is the remainder when 11880 is divided by 175?
155
Calculate the remainder when 18490 is divided by 942.
592
Calculate the remainder when 6568 is divided by 9.
7
What is the remainder when 154663 is divided by 1841?
19
Calculate the remainder when 34572 is divided by 98.
76
What is the remainder when 9982 is divided by 83?
22
Calculate the remainder when 42606 is divided by 355.
6
What is the remainder when 138425 is divided by 309?
302
Calculate the remainder when 382 is divided by 29.
5
What is the remainder when 883425 is divided by 149?
4
Calculate the remainder when 2996 is divided by 368.
52
Calculate the remainder when 2481 is divided by 413.
3
Calculate the remainder when 125710 is divided by 332.
214
Calculate the remainder when 3520627 is divided by 233.
230
What is the remainder when 6795 is divided by 6728?
67
Calculate the remainder when 186981 is divided by 16.
5
Calculate the remainder when 13259 is divided by 578.
543
Calculate the remainder when 195486 i